x - (-241)/2 a composite number?
True
Let d be (-48)/(-21) - (-6)/(-21). Suppose d*h = -h - 18. Let j(g) = -10*g + 19. Is j(h) a composite number?
False
Let l(m) = 38*m**3 + m**2 + 2*m - 2. Let s be l(1). Suppose -42*k + s*k = -381. Is k a composite number?
False
Suppose -3*y = 2*q + 16, -q - 5*y + 3*y - 10 = 0. Is (0 - (-1574)/(-8))/(q/8) a composite number?
False
Suppose c - 3*c + 5*y + 33 = 0, 0 = 3*c + 5*y + 13. Suppose t - 5*m = 26, 0*m = c*t + 4*m - 224. Is t prime?
False
Suppose -5*m + 13 = -7. Suppose -m*p + 3*p = -731. Is p a composite number?
True
Let f(u) be the third derivative of -u**6/120 - u**5/10 + u**3/3 + 3*u**2. Let y be f(-6). Suppose -5*x = h - 4*h - 3431, -1380 = -y*x + 5*h. Is x composite?
True
Suppose 0 = p + 3*p, 2*r + 4*p - 10 = 0. Suppose 7*x - r*a + 517 = 10*x, -2*x + a = -336. Is x a composite number?
True
Let z = -630 - -1111. Let h = -75 + z. Suppose -2*w = -4*w + h. Is w composite?
True
Let x(t) = -25*t**3 + 6*t**2 - 3*t + 5. Let i be x(7). Let k = 15698 + i. Is k prime?
False
Let g(a) = 112*a**2 + 8*a + 55. Is g(-12) composite?
False
Suppose -3*i - 2 = w, 4*w + 5*i + 24 = i. Is 38676/28 - w/(-28) a composite number?
False
Is (-6690180)/(-1740) - (-4)/58 prime?
False
Let s(q) = -2*q**2 + 7*q - 7. Let j be s(1). Is (-95829)/(-39) - j - 18/117 a composite number?
False
Suppose x - 1 - 1 = 0. Suppose -4*m = -x*k + 12, -6*k + 22 = -k - 2*m. Suppose 4*u + 2*j = -0*j + 138, 177 = 5*u + k*j. Is u a prime number?
False
Let y(h) = -9 + 6 - 167*h + 94*h - 265*h. Suppose 0 = -11*s + 6*s - 10. Is y(s) a prime number?
True
Suppose 106*o = 36*o + 3192770. Is o a prime number?
False
Suppose 6*h = 3*h. Suppose 3*g + 0*g - 3111 = h. Suppose -4*b = 4*j - 992, -5*b - g = -0*j - 4*j. Is j prime?
False
Is (-41140)/(-15) - (-3 - (-32)/12) composite?
True
Suppose 13 = 4*d - 19. Let p(k) = -k**3 + 7*k**2 + 7*k + 4. Let z be p(d). Is (z - -3) + -1 - -375 a composite number?
False
Suppose -m - 184 = -q, 2*m + 5*q = -3*m - 900. Let y = m - -331. Is y a prime number?
True
Let p be (-1 - 0)*-19*41. Let o = p - 301. Is o a prime number?
False
Suppose -3*u + 0*u - 2943 = 2*r, -4395 = 3*r - 2*u. Is (r/(-9))/(3/((-3)/(-1))) a composite number?
False
Suppose -4*l - 7 = -9*l + m, -5*l - 5*m = -25. Let t = 2 - -6. Suppose 0 = t*r - l*r - 858. Is r a composite number?
True
Let c(w) = -41*w + 11. Let q be c(24). Let x = -592 - q. Is x prime?
False
Suppose -2*f + 494 = -k + 3*k, -2*f + 494 = 5*k. Suppose -f = -2*u + 175. Is u a prime number?
True
Let s(j) = -j**3 - 13*j**2 + 212*j + 49. Is s(-30) a composite number?
True
Suppose 6*q - 43039 = 26435. Is q a composite number?
False
Let u(i) = -i**3 + 6*i**2 + 9*i + 21. Let g be u(9). Is 3*(8/(-4) - 2 - g) a composite number?
True
Let g = -958 - -1491. Let o = g - -54. Is o prime?
True
Suppose 0 = -5*d + 3*u + 2*u + 1945, -1572 = -4*d - 4*u. Let n = 154 - 250. Let k = n + d. Is k a composite number?
True
Suppose -2*t = x - 143, -18*x = -21*x + t + 429. Is x prime?
False
Suppose -7*n = -2*n + 5. Let q be (n*1)/((-5)/15). Suppose q*d = 4*d - 19. Is d a prime number?
True
Suppose 4*g - 123 = -5*z, 25 = 5*g - 4*z - 180. Let l = g + 232. Is l prime?
True
Let t = -409 - -812. Suppose -5*j = -t - 82. Is j a prime number?
True
Suppose -4*r + 19360 = 2*p + 7206, 0 = -r + 5*p + 3066. Is r a prime number?
True
Let p(d) = d**2 + 3*d + 4. Is p(-10) prime?
False
Suppose -4*q - 11907 = -t, 0*q + 5967 = -2*q + 5*t. Is 3/15 - q/20 composite?
False
Let p(u) = -9*u**3 + 10*u**2 - 9*u + 1. Let y(g) = 5*g**3 - 5*g**2 + 4*g. Let m(d) = -3*p(d) - 5*y(d). Is m(5) prime?
True
Suppose 0 = -5*s + x + 1951, -8*s = -7*s + 3*x - 387. Let j = s + -241. Is j a composite number?
False
Is ((-4)/4)/((1/(-89877))/1) a prime number?
False
Is (8876/6 - -1)*3 prime?
True
Let p(q) be the first derivative of -9*q**2 - 3 + 10*q - 14*q**2 + 7*q + 16*q**2. Is p(-12) a composite number?
True
Let j(d) be the third derivative of d**6/120 + 3*d**5/10 + 7*d**4/12 + 13*d**3/6 + 24*d**2. Is j(-8) a prime number?
True
Let v = 3 - -1. Is 3491*1/4*v prime?
True
Let r(y) = y**2 + 19*y + 26. Let k be r(-18). Suppose 4*s = k*s - 476. Is s prime?
False
Let p(f) = 4822*f**2 - 55*f + 111. Is p(2) a prime number?
True
Suppose 5*i - 10732 = -3*c, -4*c + 2 = 6. Is i prime?
False
Let x(w) = w - 12. Let p be x(13). Is (-2 - 87)/(p/(-11)) prime?
False
Let i(s) = -2*s - 4. Let t be i(-4). Suppose -4*n - t*n = -31256. Is n composite?
False
Let f(o) = 1 + 14*o + 1 + 2 + 2 - o**2. Let p be f(14). Is 520/p - 2/(-6) composite?
True
Let x(k) = 239*k - 5. Let r(d) = 2*d + 16. Let v be r(-7). Is x(v) a composite number?
True
Let l(f) = -f - 5. Let v be l(-8). Suppose -5*y + 137 = -2*y - 4*s, 243 = 5*y - v*s. Is y a prime number?
False
Let g be ((-8055)/(-1))/1 - 3. Suppose -5*f + 2*o = -8068, 8*f - 3*f = -2*o + g. Suppose -2*y = -q + 403, 0 = -4*q + y + 3*y + f. Is q composite?
True
Let l = -3 + 4. Is 1 - (l + 0 + -127) a composite number?
False
Suppose -y + 0*y - 4*z - 18 = 0, 0 = 2*y - z. Is ((-6)/18)/(y/306) a prime number?
False
Let f = -42 + -6. Let d be 2 + (-5)/((-20)/f). Is (-356)/d - 3/5 composite?
True
Is 3 + -1 - (-5 - 3592) a composite number?
True
Let w = -1600 + 3511. Suppose 2*i = w + 253. Is i prime?
False
Let k = 663 - 268. Is k a composite number?
True
Let v = 94399 - 53613. Is v a prime number?
False
Let n(m) = 3*m**2 - 2*m - 4. Let x be n(5). Let a = x - -230. Is a composite?
True
Suppose 2 = 3*x - 13. Suppose 0 = -x*z + 2441 + 714. Is z composite?
False
Let z(r) = -1442*r - 307. Is z(-4) prime?
False
Suppose -23*f = -43*f + 126660. Is f prime?
False
Let g = 20 + -18. Suppose 0 = -4*q - g*w - 4, 4*q + 3*w = -3 - 5. Is ((-10)/(-20))/(q/142) a prime number?
True
Suppose -2*c - 2*w = c - 17, -11 = -5*c + w. Suppose 0 = -q + c*q - 1668. Suppose 2*j + q = 8*j. Is j prime?
True
Let o = -12 + 13. Suppose -3*i + 3*s - 5 = o, -2*i - 3*s = 9. Is (3 + 1 + i)*65 a composite number?
True
Let k = -8828 - -40675. Is k prime?
True
Let w be (8/20)/((-2)/(-20)). Suppose 3*r + 72 = -2*f - f, -w*r = 4. Let b = f + 60. Is b a composite number?
False
Let z(v) = -7*v - 19. Suppose 0*f = -4*f + 40. Let m(x) = x**2 - 12*x + 6. Let h be m(f). Is z(h) a prime number?
True
Let t = 20068 + -12035. Is t prime?
False
Let n(f) = -265*f - 1. Let g be n(-3). Let t be ((-2715)/10*-1)/(1/(-2)). Let l = g + t. Is l a prime number?
True
Let u = -31 + 33. Suppose -5*f = -u*f - 381. Is f composite?
False
Suppose -5*r - 5*t - 85 = 0, -t - 2*t + 3 = 0. Suppose 5*p = 3*g - 23, -9 = -3*g + 2*p + 11. Is 766/g + 12/r composite?
False
Suppose -175876 = -10*h + 192214. Is h a composite number?
False
Let z(i) be the first derivative of 5*i**3/3 - 5*i**2 - 19*i + 13. Is z(10) a prime number?
False
Let l = -142 - -140. Let p(v) = -1 - 532*v - 2 + 0. Is p(l) prime?
True
Suppose 11*k - 18 - 4 = 0. Suppose -t = -k*n - 237, n = -4*t + 1131 - 174. Is t composite?
False
Let y(o) = 140*o**3 - 3*o**2 - 22*o + 29. Is y(6) composite?
False
Let m be -1*0/((-2)/(-1)). Suppose m*b = -2*b. Is 0 - (-82 - (b - 3)) a composite number?
False
Let f = 36 + -31. Suppose 4*g = -4*p - 32, -f*g - 4*p - 39 = -2. Let i(y) = 8*y**2 + y - 1. Is i(g) a composite number?
True
Let n(a) = 39*a + 26. Let o(m) = 13*m + 9. Let r(g) = 4*n(g) - 11*o(g). Is r(12) composite?
True
Suppose -7*u + 6089 = 4*h - 8*u, 3*u = 9. Is h prime?
True
Let z = -20251 - -41574. Is z prime?
True
Let q be (-10)/3*(-156)/(-65). Is 3 - -92*(-92)/q prime?
True
Suppose 3947 = 7*x - 17004. Is x a prime number?
False
Suppose -10*i - 36*i = -582406. Is i prime?
False
Suppose -12 = c - 5*c, 0 = -q - 3*c + 296. Is q composite?
True
Let f be ((-4)/(-3))/(8/18). Suppose 3380 + 1531 = f*x. Is x composite?
False
Suppose 4*n - 4 = 2*n. Let m be (n/(-6))/(4/(-48)). Suppose -2*i + 4*h = -46, -3*i - i + m*h + 112 = 0. Is i a composite number?
True
Let u = -800 + 296. Let a = u + 859. Is a a composite number?
True
Let h(y) = -y**2 - 5*y - 2. Let i = 11 + -14. Let v be h(i). Suppose 3*t = v*t - 87. Is t a composite number?
True
Let d = -3 + 7. Suppose -d*h + 7*h = 174. Is h composite?
True
Suppose 4 = 7*v - 5*v. Let a(l) = 16*l**v - 4 + 2*l + 34*l**2 + 161*l**2. Is a(-3) a composite number?
False
Let k(t) = t**3 - 6*t**2 + 3*t + 5. Let r be k(4). Let y(s) = s**3 + 16*s**2 + 14